{"id":890,"date":"2023-04-21T11:37:09","date_gmt":"2023-04-21T09:37:09","guid":{"rendered":"https:\/\/www.old.jprconsulting.fi\/old\/?page_id=890"},"modified":"2023-04-23T18:01:48","modified_gmt":"2023-04-23T16:01:48","slug":"visio-projektista-5","status":"publish","type":"page","link":"https:\/\/www.old.jprconsulting.fi\/old\/visio-projektista-5\/","title":{"rendered":"Visio projektista"},"content":{"rendered":"\n<div class=\"wp-block-uagb-container uagb-block-6721cd74 alignfull uagb-is-root-container\">\n<div class=\"wp-block-uagb-container uagb-block-218b6e5d\">\n<div class=\"wp-block-uagb-advanced-heading uagb-block-a5c27474\"><h2 class=\"uagb-heading-text\">Visio by JPR Consulting Oy<\/h2><\/div>\n<\/div>\n\n\n\n<div class=\"wp-block-uagb-container uagb-block-a8023811 default uagb-is-root-container\">\n<div class=\"wp-block-uagb-container uagb-block-ba7bf77a\">\n<a class=\"wp-block-uagb-container uagb-block-e9287caf\" rel=\"noopener\" href=\"https:\/\/www.old.jprconsulting.fi\/old\/visio-projektista-1\/\">      \n\t\t\t<div class=\"uagb-icon-wrapper uagb-block-d294619e  wp-block-uagb-icon--has-margin    \"\n\t\t\tstyle=\"\" >\n\t\t\t\t\t\t\t\t<div class='uagb-icon-margin-wrapper'>\n\t\t\t\t\t\t\t\t\t<span class=\"uagb-svg-wrapper\" \n\t\t\t\t\t aria-label=\"circle-check\"\t\t\t\t\ttabindex=\"0\">\t\t\n\t\t\t\t\t\t\t\t\t\t<svg xmlns=\"https:\/\/www.w3.org\/2000\/svg\" viewBox= \"0 0 512 512\" role=\"graphics-symbol\" aria-hidden=\"false\" aria-label=\"\"><path d=\"M0 256C0 114.6 114.6 0 256 0C397.4 0 512 114.6 512 256C512 397.4 397.4 512 256 512C114.6 512 0 397.4 0 256zM371.8 211.8C382.7 200.9 382.7 183.1 371.8 172.2C360.9 161.3 343.1 161.3 332.2 172.2L224 280.4L179.8 236.2C168.9 225.3 151.1 225.3 140.2 236.2C129.3 247.1 129.3 264.9 140.2 275.8L204.2 339.8C215.1 350.7 232.9 350.7 243.8 339.8L371.8 211.8z\"><\/path><\/svg>\n\t\t\t\t\t\t\t\t\t<\/span>\n\t\t\t\t\t\t\t\t<\/div>\n\t\t\t\t\t\t\t<\/div>\n\t\t\t\n\n\n<div class=\"wp-block-uagb-advanced-heading uagb-block-93aeaf4c\"><h2 class=\"uagb-heading-text\">Trifecta<\/h2><div class=\"uagb-separator\"><\/div><p class=\"uagb-desc-text\">Visio <br>Projektista<\/p><\/div>\n<\/a>\n<\/div>\n\n\n\n<div class=\"wp-block-uagb-container uagb-block-122b9798\">\n<a class=\"wp-block-uagb-container uagb-block-fa5c3547\" rel=\"noopener\" href=\"https:\/\/www.old.jprconsulting.fi\/old\/visio-projektista-2\/\">      \n\t\t\t<div class=\"uagb-icon-wrapper uagb-block-79405978  wp-block-uagb-icon--has-margin    \"\n\t\t\tstyle=\"\" >\n\t\t\t\t\t\t\t\t<div class='uagb-icon-margin-wrapper'>\n\t\t\t\t\t\t\t\t\t<span class=\"uagb-svg-wrapper\" \n\t\t\t\t\t aria-label=\"circle-check\"\t\t\t\t\ttabindex=\"0\">\t\t\n\t\t\t\t\t\t\t\t\t\t<svg xmlns=\"https:\/\/www.w3.org\/2000\/svg\" viewBox= \"0 0 512 512\" role=\"graphics-symbol\" aria-hidden=\"false\" aria-label=\"\"><path d=\"M0 256C0 114.6 114.6 0 256 0C397.4 0 512 114.6 512 256C512 397.4 397.4 512 256 512C114.6 512 0 397.4 0 256zM371.8 211.8C382.7 200.9 382.7 183.1 371.8 172.2C360.9 161.3 343.1 161.3 332.2 172.2L224 280.4L179.8 236.2C168.9 225.3 151.1 225.3 140.2 236.2C129.3 247.1 129.3 264.9 140.2 275.8L204.2 339.8C215.1 350.7 232.9 350.7 243.8 339.8L371.8 211.8z\"><\/path><\/svg>\n\t\t\t\t\t\t\t\t\t<\/span>\n\t\t\t\t\t\t\t\t<\/div>\n\t\t\t\t\t\t\t<\/div>\n\t\t\t\n\n\n<div class=\"wp-block-uagb-advanced-heading uagb-block-e7b16b29\"><h2 class=\"uagb-heading-text\">Ostaja<\/h2><div class=\"uagb-separator\"><\/div><p class=\"uagb-desc-text\">Visio <br>Projektista<\/p><\/div>\n<\/a>\n<\/div>\n\n\n\n<div class=\"wp-block-uagb-container uagb-block-95df7afd\">\n<a class=\"wp-block-uagb-container uagb-block-532bd339\" rel=\"noopener\" href=\"https:\/\/www.old.jprconsulting.fi\/old\/visio-projektista-3\/\">      \n\t\t\t<div class=\"uagb-icon-wrapper uagb-block-0dec0d2d  wp-block-uagb-icon--has-margin    \"\n\t\t\tstyle=\"\" >\n\t\t\t\t\t\t\t\t<div class='uagb-icon-margin-wrapper'>\n\t\t\t\t\t\t\t\t\t<span class=\"uagb-svg-wrapper\" \n\t\t\t\t\t aria-label=\"circle-check\"\t\t\t\t\ttabindex=\"0\">\t\t\n\t\t\t\t\t\t\t\t\t\t<svg xmlns=\"https:\/\/www.w3.org\/2000\/svg\" viewBox= \"0 0 512 512\" role=\"graphics-symbol\" aria-hidden=\"false\" aria-label=\"\"><path d=\"M0 256C0 114.6 114.6 0 256 0C397.4 0 512 114.6 512 256C512 397.4 397.4 512 256 512C114.6 512 0 397.4 0 256zM371.8 211.8C382.7 200.9 382.7 183.1 371.8 172.2C360.9 161.3 343.1 161.3 332.2 172.2L224 280.4L179.8 236.2C168.9 225.3 151.1 225.3 140.2 236.2C129.3 247.1 129.3 264.9 140.2 275.8L204.2 339.8C215.1 350.7 232.9 350.7 243.8 339.8L371.8 211.8z\"><\/path><\/svg>\n\t\t\t\t\t\t\t\t\t<\/span>\n\t\t\t\t\t\t\t\t<\/div>\n\t\t\t\t\t\t\t<\/div>\n\t\t\t\n\n\n<div class=\"wp-block-uagb-advanced-heading uagb-block-06711e38\"><h2 class=\"uagb-heading-text\">Poikkeama<\/h2><div class=\"uagb-separator\"><\/div><p class=\"uagb-desc-text\">Visio <br>Projektista<\/p><\/div>\n<\/a>\n<\/div>\n\n\n\n<a class=\"wp-block-uagb-container uagb-block-43111ef9\" rel=\"noopener\" href=\"https:\/\/www.old.jprconsulting.fi\/old\/visio-projektista-4\/\">\n<div class=\"wp-block-uagb-container uagb-block-af6f4de5\">      \n\t\t\t<div class=\"uagb-icon-wrapper uagb-block-488b3b8b  wp-block-uagb-icon--has-margin    \"\n\t\t\tstyle=\"\" >\n\t\t\t\t\t\t\t\t<div class='uagb-icon-margin-wrapper'>\n\t\t\t\t\t\t\t\t\t<span class=\"uagb-svg-wrapper\" \n\t\t\t\t\t aria-label=\"circle-check\"\t\t\t\t\ttabindex=\"0\">\t\t\n\t\t\t\t\t\t\t\t\t\t<svg xmlns=\"https:\/\/www.w3.org\/2000\/svg\" viewBox= \"0 0 512 512\" role=\"graphics-symbol\" aria-hidden=\"false\" aria-label=\"\"><path d=\"M0 256C0 114.6 114.6 0 256 0C397.4 0 512 114.6 512 256C512 397.4 397.4 512 256 512C114.6 512 0 397.4 0 256zM371.8 211.8C382.7 200.9 382.7 183.1 371.8 172.2C360.9 161.3 343.1 161.3 332.2 172.2L224 280.4L179.8 236.2C168.9 225.3 151.1 225.3 140.2 236.2C129.3 247.1 129.3 264.9 140.2 275.8L204.2 339.8C215.1 350.7 232.9 350.7 243.8 339.8L371.8 211.8z\"><\/path><\/svg>\n\t\t\t\t\t\t\t\t\t<\/span>\n\t\t\t\t\t\t\t\t<\/div>\n\t\t\t\t\t\t\t<\/div>\n\t\t\t\n\n\n<div class=\"wp-block-uagb-advanced-heading uagb-block-ccf85450\"><h2 class=\"uagb-heading-text\">Haaste<\/h2><div class=\"uagb-separator\"><\/div><p class=\"uagb-desc-text\">Visio <br>Projektista<\/p><\/div>\n<\/div>\n<\/a>\n<\/div>\n<\/div>\n\n\n\n<div class=\"inherit-container-width wp-block-group alignfull has-background is-layout-constrained wp-block-group-is-layout-constrained\" style=\"background-color:#171717\">\n<div class=\"wp-block-columns alignwide are-vertically-aligned-top is-layout-flex wp-container-core-columns-is-layout-1 wp-block-columns-is-layout-flex\">\n<div class=\"wp-block-column is-vertically-aligned-top is-layout-flow wp-block-column-is-layout-flow\" style=\"flex-basis:33.33%\">\n<h5 class=\"wp-block-heading has-text-color\" style=\"color:#ffffff\">&#8221;Project trifecta`<\/h5>\n\n\n\n<h2 class=\"wp-block-heading has-text-color\" style=\"color:#ffffff\">Visio projektista<\/h2>\n<\/div>\n\n\n\n<div class=\"wp-block-column is-vertically-aligned-top is-layout-flow wp-block-column-is-layout-flow\" style=\"flex-basis:66.66%\">\n<h3 class=\"wp-block-heading has-text-color\" style=\"color:#ffffff\">Projektin kolme muuttujaa<\/h3>\n\n\n\n<p class=\"has-ast-global-color-5-color has-text-color has-medium-font-size\"><em>Projektin toimituslaajuus, kustannukset ja aikataulu muodostavat projektin  kolminaisuuden.<\/em><\/p>\n\n\n\n<p class=\"has-text-color has-medium-font-size\" style=\"color:#ffffff\">Edell\u00e4 olevista muutoksessa vain kaksi on vakiota, kolmas on aina muuttuja.<\/p>\n\n\n\n<p class=\"has-ast-global-color-5-color has-text-color has-medium-font-size\">Toimituslaajuus ja aikataulu pit\u00e4v\u00e4t, mutta kustannukset muuttuvat (kasvavat).<\/p>\n\n\n\n<p class=\"has-ast-global-color-5-color has-text-color has-medium-font-size\">Toimituslaajuus ja kustannukset pit\u00e4v\u00e4t, mutta aikataulu muuttuu (pitkittyy).<\/p>\n\n\n\n<p class=\"has-ast-global-color-5-color has-text-color has-medium-font-size\">Kustannukset ja aikataulu pit\u00e4v\u00e4t, mutta toimituslaajuus muuttuu (pienenee).<\/p>\n<\/div>\n<\/div>\n<\/div>\n\n\n\n<div class=\"inherit-container-width wp-block-group alignfull has-background is-layout-constrained wp-block-group-is-layout-constrained\" style=\"background-color:#171717\">\n<div class=\"wp-block-columns alignwide are-vertically-aligned-top is-layout-flex wp-container-core-columns-is-layout-2 wp-block-columns-is-layout-flex\">\n<div class=\"wp-block-column is-vertically-aligned-top is-layout-flow wp-block-column-is-layout-flow\" style=\"flex-basis:33.33%\">\n<h5 class=\"wp-block-heading has-text-color\" style=\"color:#ffffff\">Ostajan t\u00e4ytyy tiet\u00e4\u00e4 mit\u00e4 ostaa<\/h5>\n\n\n\n<h2 class=\"wp-block-heading has-text-color\" style=\"color:#ffffff\">Visio projektista<\/h2>\n<\/div>\n\n\n\n<div class=\"wp-block-column is-vertically-aligned-top is-layout-flow wp-block-column-is-layout-flow\" style=\"flex-basis:66.66%\">\n<h3 class=\"wp-block-heading has-text-color\" style=\"color:#ffffff;font-size:28px\">\u00b4Sen saa mit\u00e4 pyyt\u00e4\u00e4&#8217; &#8211; Mets\u00e4st\u00e4j\u00e4-lehti<\/h3>\n\n\n\n<p class=\"has-ast-global-color-5-color has-text-color has-medium-font-size\"><em>Ep\u00e4selv\u00e4t tavoitteet luovat lis\u00e4kustannuksia ja projekteille ep\u00e4varmuutta.<\/em><\/p>\n\n\n\n<p class=\"has-text-color has-medium-font-size\" style=\"color:#ffffff;line-height:1.5\">Projektille t\u00e4ytyy m\u00e4\u00e4ritt\u00e4\u00e4 selke\u00e4 tavoite eli minimi toimituslaajuus mill\u00e4 asiakas kokee saaneensa rahalleen vastinetta, sek\u00e4 aikataulu joka on perussuorituksella saavutettavissa. Jotta projektin venyminen voidaan est\u00e4\u00e4 tai tuoda esiin, voidaan projektille asettaa v\u00e4litavoitteita joiden saavuttaminen ja mahdolliset toimituslaajuuden muutokset saadaan n\u00e4kyviksi. <\/p>\n\n\n\n<p class=\"has-ast-global-color-5-color has-text-color has-medium-font-size\" style=\"line-height:1.5\">Autamme asiakkaita projektien m\u00e4\u00e4rityksess\u00e4 ja kyselyaineistojen rakentamisessa.  Projektien sopimukset luovat projektin toteutukselle pohjan. Mit\u00e4 yksiselitteisemm\u00e4ksi sopimukset luodaan, sit\u00e4 varmemmin asiakas saa sen mit\u00e4 tilaa ja mahdolliset muutokset osataan luokitella joko sopimukseen sis\u00e4ltyviksi tai lis\u00e4t\u00f6iksi. <\/p>\n<\/div>\n<\/div>\n<\/div>\n\n\n\n<div class=\"inherit-container-width wp-block-group alignfull has-ast-global-color-2-color has-ast-global-color-5-background-color has-text-color has-background is-layout-constrained wp-block-group-is-layout-constrained\">\n<div class=\"wp-block-columns alignwide are-vertically-aligned-top is-layout-flex wp-container-core-columns-is-layout-3 wp-block-columns-is-layout-flex\">\n<div class=\"wp-block-column is-vertically-aligned-top has-ast-global-color-2-color has-text-color is-layout-flow wp-block-column-is-layout-flow\" style=\"flex-basis:33.33%\">\n<h5 class=\"wp-block-heading has-ast-global-color-2-color has-text-color\"><strong>Projektin poikkeamat n\u00e4hd\u00e4\u00e4n<\/strong><\/h5>\n\n\n\n<h2 class=\"wp-block-heading has-ast-global-color-2-color has-text-color\"><strong>Visio projektista<\/strong><\/h2>\n<\/div>\n\n\n\n<div class=\"wp-block-column is-vertically-aligned-top has-ast-global-color-2-color has-text-color is-layout-flow wp-block-column-is-layout-flow\" style=\"flex-basis:66.66%\">\n<h3 class=\"wp-block-heading has-ast-global-color-3-color has-text-color\">Muutos on varmaa, muutosten hallinta kriittist\u00e4<\/h3>\n\n\n\n<p class=\"has-ast-global-color-3-color has-text-color has-medium-font-size\"><em>Onnistunut muutosten hallinta, onnistunut projekti.<\/em><\/p>\n\n\n\n<p class=\"has-ast-global-color-3-color has-text-color has-medium-font-size\" style=\"line-height:1.5\">Projektin toteutuksen aikana syntyy tilanteita joita myynti- ja suunnitteluvaiheessa ei olla osattu ennakoida tai joihin sopimus ei ota kantaa.  N\u00e4ist\u00e4 syntyneet kustannukset k\u00e4yd\u00e4\u00e4n viimeist\u00e4\u00e4n loppuneuvotteluissa l\u00e4pi. Kirjallinen sopimuslaajuuksien muutosten hallinta luo pohjan kustannusten seurannalle, kassavirran- sek\u00e4 projektikatteen hallinnalle urakoitsijan n\u00e4k\u00f6kulmasta sek\u00e4 asiakkaan puolella kustannusten kasvuun varautumiseen. <\/p>\n\n\n\n<p class=\"has-ast-global-color-2-color has-text-color has-medium-font-size\" style=\"line-height:1.5\">Autamme asiakkaita projektien toimituslaajuuden hallinnassa. Ennen sopimuksen allekirjoitusta voimme auttaa asiakasta sopimusluonnoksen riskien arvioinnissa. N\u00e4k\u00f6kulma ei ole juridinen, autamme huomioimaan tyypillisi\u00e4 sopimusm\u00e4\u00e4rityksi\u00e4 jotka selkeytt\u00e4v\u00e4t projektin konkreettista vastuunjakoa toteutusvaiheessa. Mit\u00e4 yksiselitteisemm\u00e4ksi sopimukset luodaan, sit\u00e4 varmemmin asiakas saa sen mit\u00e4 tilaa ja suunnittelija, urakoitsija sek\u00e4 alihankkija tiet\u00e4v\u00e4t mit\u00e4 heilt\u00e4 odotetaan. <\/p>\n<\/div>\n<\/div>\n<\/div>\n\n\n\n<div class=\"inherit-container-width wp-block-group alignfull has-ast-global-color-2-color has-ast-global-color-5-background-color has-text-color has-background is-layout-constrained wp-block-group-is-layout-constrained\">\n<div class=\"wp-block-columns alignwide are-vertically-aligned-top is-layout-flex wp-container-core-columns-is-layout-4 wp-block-columns-is-layout-flex\">\n<div class=\"wp-block-column is-vertically-aligned-top has-ast-global-color-2-color has-text-color is-layout-flow wp-block-column-is-layout-flow\" style=\"flex-basis:33.33%\">\n<h5 class=\"wp-block-heading has-ast-global-color-2-color has-text-color\"><strong>Projektit itsess\u00e4\u00e4n ovat haastavia<\/strong><\/h5>\n\n\n\n<h2 class=\"wp-block-heading has-ast-global-color-2-color has-text-color\">Visio projektista<\/h2>\n<\/div>\n\n\n\n<div class=\"wp-block-column is-vertically-aligned-top has-ast-global-color-2-color has-text-color is-layout-flow wp-block-column-is-layout-flow\" style=\"flex-basis:66.66%\">\n<h3 class=\"wp-block-heading has-ast-global-color-3-color has-text-color\">Projektit vied\u00e4\u00e4n l\u00e4pi yhdess\u00e4.<\/h3>\n\n\n\n<p class=\"has-ast-global-color-3-color has-text-color has-medium-font-size\"><em>Haasta itsesi, haasta muut.<\/em><\/p>\n\n\n\n<p class=\"has-ast-global-color-3-color has-text-color has-medium-font-size\" style=\"line-height:1.5\">Jokaiselle projektille luodaan riskiarviot sek\u00e4 suunnitelmat siit\u00e4 miten erilaisia riskej\u00e4 hallitaan. Toimitusaikaan liittyv\u00e4t riskit ovat usein kriittisi\u00e4 projektille, projektin takaisinmaksu on sidottuna asiakkaalle syntyv\u00e4\u00e4n taloudelliseen hy\u00f6tyyn ja sen aloitusajankohtaan. Projektiymp\u00e4rist\u00f6n muutoksissa syntyy usein tarve toiminnan tehostamiseen. T\u00e4m\u00e4 projektiryhm\u00e4lle syntyv\u00e4 lis\u00e4kuorma on hyv\u00e4 pit\u00e4\u00e4 lyhytkestoisena, teholis\u00e4 on hetkellist\u00e4.<\/p>\n\n\n\n<p class=\"has-ast-global-color-3-color has-text-color has-medium-font-size\" style=\"line-height:1.5\">Siihen kuinka nopeasti hy\u00f6ty pystyt\u00e4\u00e4n muuttamaan taloudelliseksi takaisinmaksuksi ja kuinka reagoidaan mik\u00e4li  t\u00e4ytyy m\u00e4\u00e4ritt\u00e4\u00e4 selke\u00e4 tavoite eli minimi toimituslaajuus mill\u00e4 asiakas kokee saaneensa rahalleen vastinetta, sek\u00e4 aikataulu joka on perussuorituksella saavutettavissa. Jotta projektin venyminen voidaan est\u00e4\u00e4 tai tuoda esiin, voidaan projektille asettaa v\u00e4litavoitteita joiden saavuttaminen ja mahdolliset toimituslaajuuden muutokset saadaan n\u00e4kyviksi. <\/p>\n\n\n\n<p class=\"has-ast-global-color-2-color has-text-color has-medium-font-size\" style=\"line-height:1.5\">Autamme asiakkaita projektien m\u00e4\u00e4rityksess\u00e4 ja kyselyaineistojen rakentamisessa.  Projektien sopimukset luovat projektin toteutukselle pohjan. Mit\u00e4 yksiselitteisemm\u00e4ksi sopimukset luodaan, sit\u00e4 varmemmin asiakas saa sen mit\u00e4 tilaa ja mahdolliset muutokset osataan luokitella joko sopimukseen sis\u00e4ltyviksi tai lis\u00e4t\u00f6iksi. <\/p>\n<\/div>\n<\/div>\n<\/div>\n","protected":false},"excerpt":{"rendered":"<p>Visio by JPR Consulting Oy Trifecta Visio Projektista Ostaja Visio Projektista Poikkeama Visio Projektista Haaste Visio Projektista &#8221;Project trifecta` Visio projektista Projektin kolme muuttujaa Projektin toimituslaajuus, kustannukset ja aikataulu muodostavat projektin kolminaisuuden. Edell\u00e4 olevista muutoksessa vain kaksi on vakiota, kolmas on aina muuttuja. Toimituslaajuus ja aikataulu pit\u00e4v\u00e4t, mutta kustannukset muuttuvat (kasvavat). Toimituslaajuus ja kustannukset pit\u00e4v\u00e4t, [&hellip;]<\/p>\n","protected":false},"author":1,"featured_media":0,"parent":0,"menu_order":0,"comment_status":"closed","ping_status":"closed","template":"","meta":{"_uag_custom_page_level_css":"","site-sidebar-layout":"default","site-content-layout":"","ast-site-content-layout":"default","site-content-style":"default","site-sidebar-style":"default","ast-global-header-display":"","ast-banner-title-visibility":"","ast-main-header-display":"","ast-hfb-above-header-display":"","ast-hfb-below-header-display":"","ast-hfb-mobile-header-display":"","site-post-title":"disabled","ast-breadcrumbs-content":"","ast-featured-img":"","footer-sml-layout":"","ast-disable-related-posts":"","theme-transparent-header-meta":"","adv-header-id-meta":"","stick-header-meta":"","header-above-stick-meta":"","header-main-stick-meta":"","header-below-stick-meta":"","astra-migrate-meta-layouts":"default","ast-page-background-enabled":"default","ast-page-background-meta":{"desktop":{"background-color":"var(--ast-global-color-4)","background-image":"","background-repeat":"repeat","background-position":"center center","background-size":"auto","background-attachment":"scroll","background-type":"","background-media":"","overlay-type":"","overlay-color":"","overlay-opacity":"","overlay-gradient":""},"tablet":{"background-color":"","background-image":"","background-repeat":"repeat","background-position":"center center","background-size":"auto","background-attachment":"scroll","background-type":"","background-media":"","overlay-type":"","overlay-color":"","overlay-opacity":"","overlay-gradient":""},"mobile":{"background-color":"","background-image":"","background-repeat":"repeat","background-position":"center center","background-size":"auto","background-attachment":"scroll","background-type":"","background-media":"","overlay-type":"","overlay-color":"","overlay-opacity":"","overlay-gradient":""}},"ast-content-background-meta":{"desktop":{"background-color":"var(--ast-global-color-5)","background-image":"","background-repeat":"repeat","background-position":"center center","background-size":"auto","background-attachment":"scroll","background-type":"","background-media":"","overlay-type":"","overlay-color":"","overlay-opacity":"","overlay-gradient":""},"tablet":{"background-color":"var(--ast-global-color-5)","background-image":"","background-repeat":"repeat","background-position":"center center","background-size":"auto","background-attachment":"scroll","background-type":"","background-media":"","overlay-type":"","overlay-color":"","overlay-opacity":"","overlay-gradient":""},"mobile":{"background-color":"var(--ast-global-color-5)","background-image":"","background-repeat":"repeat","background-position":"center center","background-size":"auto","background-attachment":"scroll","background-type":"","background-media":"","overlay-type":"","overlay-color":"","overlay-opacity":"","overlay-gradient":""}},"footnotes":""},"class_list":["post-890","page","type-page","status-publish","hentry"],"uagb_featured_image_src":{"full":false,"thumbnail":false,"medium":false,"medium_large":false,"large":false,"1536x1536":false,"2048x2048":false},"uagb_author_info":{"display_name":"admin","author_link":"https:\/\/www.old.jprconsulting.fi\/old\/author\/admin\/"},"uagb_comment_info":0,"uagb_excerpt":"Visio by JPR Consulting Oy Trifecta Visio Projektista Ostaja Visio Projektista Poikkeama Visio Projektista Haaste Visio Projektista &#8221;Project trifecta` Visio projektista Projektin kolme muuttujaa Projektin toimituslaajuus, kustannukset ja aikataulu muodostavat projektin kolminaisuuden. Edell\u00e4 olevista muutoksessa vain kaksi on vakiota, kolmas on aina muuttuja. Toimituslaajuus ja aikataulu pit\u00e4v\u00e4t, mutta kustannukset muuttuvat (kasvavat). Toimituslaajuus ja kustannukset pit\u00e4v\u00e4t,&hellip;","_links":{"self":[{"href":"https:\/\/www.old.jprconsulting.fi\/old\/wp-json\/wp\/v2\/pages\/890","targetHints":{"allow":["GET"]}}],"collection":[{"href":"https:\/\/www.old.jprconsulting.fi\/old\/wp-json\/wp\/v2\/pages"}],"about":[{"href":"https:\/\/www.old.jprconsulting.fi\/old\/wp-json\/wp\/v2\/types\/page"}],"author":[{"embeddable":true,"href":"https:\/\/www.old.jprconsulting.fi\/old\/wp-json\/wp\/v2\/users\/1"}],"replies":[{"embeddable":true,"href":"https:\/\/www.old.jprconsulting.fi\/old\/wp-json\/wp\/v2\/comments?post=890"}],"version-history":[{"count":14,"href":"https:\/\/www.old.jprconsulting.fi\/old\/wp-json\/wp\/v2\/pages\/890\/revisions"}],"predecessor-version":[{"id":1111,"href":"https:\/\/www.old.jprconsulting.fi\/old\/wp-json\/wp\/v2\/pages\/890\/revisions\/1111"}],"wp:attachment":[{"href":"https:\/\/www.old.jprconsulting.fi\/old\/wp-json\/wp\/v2\/media?parent=890"}],"curies":[{"name":"wp","href":"https:\/\/api.w.org\/{rel}","templated":true}]}}